6
What is the hundred thousands digit of 396502?
3
What is the thousands digit of 250494?
0
What is the millions digit of 27461521?
7
What is the tens digit of 401779?
7
What is the hundreds digit of 86661?
6
What is the thousands digit of 16053?
6
What is the ten thousands digit of 5580208?
8
What is the ten thousands digit of 137218?
3
What is the tens digit of 328861?
6
What is the units digit of 111105?
5
What is the units digit of 2047354?
4
What is the millions digit of 12375791?
2
What is the tens digit of 4434056?
5
What is the hundred thousands digit of 442247?
4
What is the units digit of 15171102?
2
What is the tens digit of 4493872?
7
What is the units digit of 506137?
7
What is the thousands digit of 5634645?
4
What is the hundreds digit of 295764?
7
What is the tens digit of 3095512?
1
What is the thousands digit of 96894?
6
What is the thousands digit of 19073887?
3
What is the hundred thousands digit of 513888?
5
What is the millions digit of 16892963?
6
What is the ten thousands digit of 12729847?
2
What is the thousands digit of 1402474?
2
What is the hundred thousands digit of 326483?
3
What is the ten thousands digit of 5187715?
8
What is the hundred thousands digit of 6597545?
5
What is the ten thousands digit of 3397925?
9
What is the hundred thousands digit of 1617778?
6
What is the tens digit of 4036985?
8
What is the ten thousands digit of 323458?
2
What is the ten thousands digit of 7344680?
4
What is the tens digit of 13320773?
7
What is the units digit of 2605339?
9
What is the units digit of 160155?
5
What is the hundreds digit of 55799?
7
What is the units digit of 698948?
8
What is the ten thousands digit of 249669?
4
What is the thousands digit of 821714?
1
What is the units digit of 57558?
8
What is the thousands digit of 19335616?
5
What is the ten thousands digit of 13204?
1
What is the units digit of 1143950?
0
What is the tens digit of 2837343?
4
What is the thousands digit of 16920691?
0
What is the thousands digit of 220765?
0
What is the hundreds digit of 42749?
7
What is the ten thousands digit of 557509?
5
What is the millions digit of 13272295?
3
What is the tens digit of 1968467?
6
What is the hundred thousands digit of 321922?
3
What is the millions digit of 18183484?
8
What is the tens digit of 2072940?
4
What is the units digit of 669083?
3
What is the ten thousands digit of 10573419?
7
What is the units digit of 8322597?
7
What is the units digit of 127617?
7
What is the units digit of 1560052?
2
What is the hundred thousands digit of 6346398?
3
What is the hundred thousands digit of 20398102?
3
What is the hundred thousands digit of 5732368?
7
What is the thousands digit of 258638?
8
What is the tens digit of 6149798?
9
What is the tens digit of 34980048?
4
What is the thousands digit of 163866?
3
What is the hundreds digit of 14586422?
4
What is the tens digit of 1183877?
7
What is the hundreds digit of 2638336?
3
What is the tens digit of 244599?
9
What is the hundred thousands digit of 365171?
3
What is the units digit of 531024?
4
What is the thousands digit of 118048?
8
What is the millions digit of 3289725?
3
What is the thousands digit of 1834609?
4
What is the thousands digit of 1346769?
6
What is the ten thousands digit of 6750469?
5
What is the thousands digit of 14859127?
9
What is the units digit of 1122179?
9
What is the hundreds digit of 653541?
5
What is the tens digit of 1337089?
8
What is the units digit of 9679952?
2
What is the hundreds digit of 775811?
8
What is the millions digit of 5635711?
5
What is the thousands digit of 161989?
1
What is the thousands digit of 556095?
6
What is the thousands digit of 237367?
7
What is the tens digit of 5879?
7
What is the millions digit of 2010900?
2
What is the hundred thousands digit of 8960949?
9
What is the ten thousands digit of 108392?
0
What is the tens digit of 4061700?
0
What is the ten millions digit of 10485946?
1
What is the millions digit of 2178106?
2
What is the tens digit of 576834?
3
What is the thousands digit of 1307376?
7
What is the hundreds digit of 457876?
8
What is the hundred thousands digit of 125865?
1
What is the thousands digit of 514800?
4
What is the tens digit of 2489794?
9
What is the units digit of 25471?
1
What is the hundreds digit of 719056?
0
What is the hundred thousands digit of 12593575?
5
What is the thousands digit of 425385?
5
What is the tens digit of 1412908?
0
What is the hundred thousands digit of 153600?
1
What is the ten thousands digit of 179308?
7
What is the thousands digit of 1008918?
8
What is the hundred thousands digit of 381184?
3
What is the ten millions digit of 13631792?
1
What is the thousands digit of 762443?
2
What is the hundred thousands digit of 700174?
7
What is the hundred thousands digit of 390126?
3
What is the hundred thousands digit of 12377802?
3
What is the thousands digit of 29720?
9
What is the tens digit of 152025?
2
What is the ten millions digit of 11198897?
1
What is the units digit of 84456?
6
What is the ten thousands digit of 381849?
8
What is the thousands digit of 4460064?
0
What is the thousands digit of 8772494?
2
What is the units digit of 4527221?
1
What is the units digit of 404070?
0
What is the hundreds digit of 821207?
2
What is the hundred thousands digit of 1034521?
0
What is the ten millions digit of 20411329?
2
What is the tens digit of 218490?
9
What is the hundred thousands digit of 1174380?
1
What is the units digit of 31819206?
6
What is the tens digit of 32372?
7
What is the hundred thousands digit of 486819?
4
What is the millions digit of 5621231?
5
What is the thousands digit of 1605877?
5
What is the thousands digit of 7645128?
5
What is the hundred thousands digit of 2284396?
2
What is the millions digit of 3859847?
3
What is the hundreds digit of 9408089?
0
What is the units digit of 3220097?
7
What is the tens digit of 14713119?
1
What is the thousands digit of 751405?
1
What is the ten thousands digit of 165562?
6
What is the tens digit of 10940555?
5
What is the millions digit of 1405682?
1
What is the millions digit of 30618897?
0
What is the thousands digit of 4326604?
6
What is the thousands digit of 447189?
7
What is the hundreds digit of 552135?
1
What is the tens digit of 801016?
1
What is the millions digit of 13513918?
3
What is the ten thousands digit of 27767692?
6
What is the thousands digit of 5124910?
4
What is the hundred thousands digit of 13158854?
1
What is the units digit of 3031346?
6
What is the hundred thousands digit of 294096?
2
What is the tens digit of 265546?
4
What is the hundred thousands digit of 191551?
1
What is the thousands digit of 2918911?
8
What is the hundreds digit of 4486678?
6
What is the ten thousands digit of 1001402?
0
What is the ten thousands digit of 4571105?
7
What is the hundred thousands digit of 399234?
3
What is the thousands digit of 13628969?
8
What is the hundreds digit of 5224138?
1
What is the hundred thousands digit of 1197570?
1
What is the thousands digit of 2632310?
2
What is the thousands digit of 458076?
8
What is the thousands digit of 203093?
3
What is the hundreds digit of 205679?
6
What is the tens digit of 3360839?
3
What is the units digit of 3938776?
6
What is the hundred thousands digit of 602928?
6
What is the thousands digit of 2368776?
8
What is the ten thousands digit of 509315?
0
What is the hundred thousands digit of 1180447?
1
What is the millions digit of 1222954?
1
What is the tens digit of 3384990?
9
What is the hundreds digit of 107446?
4
What is the hundreds digit of 2703500?
5
What is the tens digit of 1309801?
0
What is the units digit of 24424?
4
What is the tens digit of 1172554?
5
What is the millions digit of 6688864?
6
What is the ten thousands digit of 1928145?
2
What is the hundred thousands digit of 775746?
7
What is the hundreds digit of 5024709?
7
What is the thousands digit of 15359379?
9
What is the ten thousands digit of 137605?
3
What is the thousands digit of 675221?
5
What is the units digit of 36624879?
9
What is the hundreds digit of 4222450?
4
What is the hundred thousands digit of 351978?
3
What is the millions digit of 17163021?
7
What is the hundreds digit of 66236?
2
What is the tens digit of 362667?
6
What is the ten